ulate g(2).
4
Let a(r) = -r**3 + 5*r**2 - 4*r. Give a(5).
-20
Let g(f) = f**2 - 18*f + 11. Determine g(14).
-45
Let m(q) = -q**3 + 5*q**2 + 3*q + 4. Calculate m(5).
19
Let i(s) = 2*s**2 + s + 1. What is i(-3)?
16
Let y(x) = -20*x + 2. Calculate y(2).
-38
Let c(z) = z**2 + 11*z - 8. What is c(-8)?
-32
Let t(b) = -b**2 + 16*b - 28. What is t(3)?
11
Let q(y) = -y**3 - 27*y**2 + 2*y + 48. What is q(-27)?
-6
Let k(u) = -5*u - 11. What is k(-4)?
9
Let s(h) = h**3 + 23*h**2 - 26*h - 61. What is s(-24)?
-13
Let i(q) = 2*q - 6. Determine i(6).
6
Let i(n) = -n - 17. What is i(-13)?
-4
Let b(z) = -4*z**2 - 3*z - 1. What is b(2)?
-23
Let y(h) = -h**3 - 15*h**2 - h - 20. Calculate y(-15).
-5
Let c(a) = -4*a + 10. Give c(11).
-34
Let q(x) = 2*x**2 - 78*x + 586. Calculate q(10).
6
Let h(w) = w**3 + 3*w**2 - 6*w - 10. Determine h(-5).
-30
Let o(y) = -y**2 - 22*y + 54. Determine o(-26).
-50
Let c(z) = z**2 + 22*z + 55. What is c(-18)?
-17
Let h(p) = -3*p - 73. Calculate h(-23).
-4
Let k(n) = -22*n + 140. Give k(8).
-36
Let r(a) = -a**2 - 23*a - 102. Determine r(-9).
24
Let a(m) = m**3 + 18*m**2 + 27*m - 103. Calculate a(-16).
-23
Let i(l) = 2*l**2 - 7*l - 127. What is i(10)?
3
Let o(r) = -r**2 - 2*r - 12. What is o(-6)?
-36
Let m(l) = -l**2 - 7*l - 12. Determine m(-5).
-2
Let a(o) = 5*o - 109. What is a(20)?
-9
Let l(g) = g**2 + 7*g + 5. Calculate l(-2).
-5
Let a(j) = j**3 + 7*j**2 + 9*j + 1. Calculate a(-4).
13
Let l(c) = c**3 - 7*c**2 + 4*c + 6. What is l(6)?
-6
Let j(d) = -5*d - 16. Determine j(-5).
9
Let o(v) = -35*v + 2. What is o(-2)?
72
Let m(a) = -a**2 - 9*a + 7. Determine m(-7).
21
Let s(h) = -4*h - 18. What is s(-6)?
6
Let a(y) = -y**3 - 12*y**2. Give a(-12).
0
Let y(v) = 2*v**2 - 29*v + 43. What is y(19)?
214
Let x(m) = -m**3 + 4*m**2 + m - 3. Calculate x(2).
7
Let j(h) = -3*h + 3. What is j(6)?
-15
Let h(o) = 2*o**2 - 45*o + 108. Determine h(20).
8
Let f(z) = z**3 - 24*z**2 + 17*z + 129. Give f(23).
-9
Let r(d) = -d**2 - 11*d - 23. Calculate r(-13).
-49
Let j(x) = 4*x - 78. Calculate j(19).
-2
Let k(u) = -u**3 + 9*u**2 - 10*u + 11. Give k(8).
-5
Let q(h) = -h**3 + 5*h**2 + 8*h - 1. Calculate q(6).
11
Let x(z) = z**3 + 9*z**2 + 9*z + 6. What is x(-8)?
-2
Let z(x) = -4*x. Calculate z(-3).
12
Let l(j) = -j**2 - 25*j - 140. Determine l(-16).
4
Let c(s) = -8*s + 16. Determine c(2).
0
Let j(d) = -d**3 - 2*d + 2. Give j(0).
2
Let c(g) = -g**2 - g + 27. Calculate c(0).
27
Let f(a) = -a + 1. Determine f(6).
-5
Let d(h) = -h**3 - 10*h**2 + 16*h + 49. Give d(-11).
-6
Let r(z) = z**3 - 2*z**2 + 11*z + 6. Calculate r(0).
6
Let c(q) = -14*q. Calculate c(4).
-56
Let m(k) = -3*k + 43. Determine m(-16).
91
Let r(n) = n**3 + 5*n**2. What is r(-3)?
18
Let v(u) = 42*u + 243. Calculate v(-6).
-9
Let r(d) = -3*d + 46. Give r(8).
22
Let q(a) = -2*a**3 + 8*a**2 - a - 19. Determine q(3).
-4
Let u(y) = 12*y**3 - 5*y**2 + 4*y. Determine u(1).
11
Let o(k) = -8*k. Determine o(6).
-48
Let j(d) = 15*d - 4. Give j(4).
56
Let h(o) = 17*o + 15. What is h(-7)?
-104
Let a(m) = -16*m - 84. Calculate a(-6).
12
Let d(x) = 8*x + 104. Determine d(-11).
16
Let r(j) = -7*j**2 + 4*j - 1. Give r(-4).
-129
Let g(o) = o**2 + 12*o - 99. What is g(-18)?
9
Let x(u) = u**3 - 33*u**2 + 61*u + 7. Determine x(31).
-24
Let j(y) = -y + 6. Calculate j(4).
2
Let r(q) = -q + 7. Give r(0).
7
Let d(q) = -4*q - 3. Determine d(6).
-27
Let o(k) = 3*k - 5. What is o(-7)?
-26
Let o(r) = -4*r**3 + r**2 + r - 1. Give o(1).
-3
Let u(c) = c**2 - 11*c + 13. Calculate u(10).
3
Let g(p) = -5*p**2 + 36*p - 8. What is g(7)?
-1
Let h(t) = -16*t**2 + 11*t - 25. What is h(2)?
-67
Let k(l) = l**3 + 3*l**2 + 4*l + 2. Determine k(-3).
-10
Let x(t) = t**3 + 10*t**2 - 3*t + 6. Determine x(-10).
36
Let z(b) = -3*b + 93. Determine z(20).
33
Let f(d) = -d**2 + 10*d - 8. Calculate f(10).
-8
Let z(s) = 11*s - 16. Give z(7).
61
Let a(b) = -12*b**2 - 4*b - 4. Determine a(3).
-124
Let v(f) = -2*f**3 - 3*f**2 - 3*f - 4. What is v(-3)?
32
Let p(o) = 4*o**3 + o**2 + o. Determine p(-1).
-4
Let b(y) = -3*y**2 - 2*y + 1. What is b(-2)?
-7
Let i(u) = u**3 - 2*u**2 - 9*u - 8. Calculate i(6).
82
Let x(d) = 10*d**2 - 3*d + 1. Determine x(2).
35
Let j(x) = -52*x + 208. Calculate j(4).
0
Let u(q) = -q + 3. Determine u(-9).
12
Let o(q) = -q**3 - 44*q**2 + q + 48. Give o(-44).
4
Let g(z) = -2*z**2 - 7*z - 6. Determine g(-4).
-10
Let k(l) = l**3 + 3*l**2 + 4*l - 1. Calculate k(-2).
-5
Let f(h) = h**3 - h**2 - 2*h. Calculate f(-2).
-8
Let d(x) = x**3 - 19*x**2 - 15*x - 95. Give d(20).
5
Let o(t) = t**2 - 5*t - 9. What is o(-2)?
5
Let i(m) = m**3 + 14*m**2 + 11*m - 3. Give i(-13).
23
Let b(d) = 8*d + 16. What is b(2)?
32
Let q(j) = 8*j**2 - 4*j + 3. Determine q(2).
27
Let z(r) = 3*r - 37. Determine z(-7).
-58
Let s(u) = -2*u**2 + 58*u + 61. Give s(30).
1
Let y(v) = -2*v**2 - 34*v - 13. Determine y(-17).
-13
Let i(v) = 2*v + 2. Calculate i(-7).
-12
Let f(n) = -6*n**2 + 11. Calculate f(3).
-43
Let l(i) = -i**3 - 18*i**2 - 14*i + 42. Calculate l(-17).
-9
Let y(x) = -3*x + 21. Determine y(12).
-15
Let j(o) = -o**3 - 2*o**2 + 3*o + 3. What is j(-3)?
3
Let i(t) = -t**3 + 5*t**2 + t - 5. What is i(3)?
16
Let z(q) = -2*q - 5. What is z(0)?
-5
Let q(p) = 39*p + 24. What is q(-2)?
-54
Let d(a) = -2*a**2 - 3*a. Give d(-4).
-20
Let w(p) = -17*p + 2. Determine w(-3).
53
Let a(q) = 14*q. Calculate a(3).
42
Let y(w) = w**2 + 19*w + 7. Determine y(-17).
-27
Let s(v) = v**2 + 28*v + 81. What is s(-25)?
6
Let l(z) = z**3 + 13*z**2 + 15*z. What is l(-12)?
-36
Let p(u) = 2*u**2 - 7*u - 6. What is p(4)?
-2
Let v(s) = s**2 + 6*s - 17. Give v(-8).
-1
Let v(u) = -3*u + 28. What is v(-10)?
58
Let a(w) = -9*w**3 - 2*w**2 + w. Give a(1).
-10
Let s(j) = -18*j + 92. Give s(5).
2
Let o(y) = -y**3 + 7*y**2 + 8*y + 1. What is o(8)?
1
Let w(t) = 17*t + 80. Give w(-8).
-56
Let n(g) = -23*g - 173. Determine n(-7).
-12
Let j(x) = x - 7. Determine j(8).
1
Let o(u) = -u**2 - 4*u + 8. What is o(-8)?
-24
Let u(x) = x**2 - x + 1. Calculate u(-3).
13
Let d(m) = m**3 + 11*m**2 - m - 1. What is d(-11)?
10
Let t(p) = p**3 + 7*p**2 - 23. Calculate t(-7).
-23
Let f(d) = -d**2 + 10*d + 3. What is f(10)?
3
Let m(h) = 12*h - 90. What is m(7)?
-6
Let w(y) = y**2 - 56. What is w(7)?
-7
Let x(t) = t**3 - 8*t**2 + 14*t - 13. Give x(6).
-1
Let m(y) = y**3 - y**2 - 2*y + 15. What is m(0)?
15
Let b(n) = -4*n + 30. Give b(8).
-2
Let y(n) = n**2 - 12*n + 11. Determine y(10).
-9
Let q(f) = f**2 + 5*f. What is q(-3)?
-6
Let c(g) = 7*g - 136. Calculate c(20).
4
Let b(w) = -2*w + 59. Determine b(32).
-5
Let w(r) = 2*r + 36. What is w(-19)?
-2
Let i(o) = -o**3 + 2*o**2 + 30*o - 11. Determine i(-5).
14
Let f(n) = n**2 + 20*n + 110. What is f(-9)?
11
Let w(s) = 3*s - 19. What is w(-8)?
-43
Let m(g) = -g**2 + 7*g + 53. Give m(12).
-7
Let w(m) = -3*m**3 + 6*m**2 + 2*m + 4. Give w(3).
-17
Let h(m) = m**2 - 8*m + 13. Calculate h(14).
97
Let y(d) = -d**3 + 3*d**2 - 11*d + 11. Determine y(2).
-7
Let t(d) = -d**2 - 1. Calculate t(2).
-5
Let r(o) = 32*o + 36. Give r(2).
100
Let p(z) = z**2 + 6*z - 2. Determine p(-5).
-7
Let b(z) = z**2 - 3*z - 3. What is b(-1)?
1
Let f(q) = -2*q + 19. What is f(11)?
-3
Let f(n) = -6*n**2 + 21*n + 12. What is f(4)?
0
Let q(f) = f**3 - 8*f**2 + 3*f - 17. What is q(8)?
7
Let k(o) = -6*o**2 - 347*o + 52. Give k(-58).
-6
Let r(v) = 4*v**2 - 2. Determine r(2).
14
Let l(f) = 6*f**3 + 2*f**2 - 2*f - 3. Calculate l(-1).
-5
Let u(d) = 3*d**3 + 3*d**2 + 3*d + 2. Determine u(-1).
-1
Let w(a) = -a**3 + 2*a**2 + 3*a - 4. What is w(3)?
-4
Let t(o) = o**2 + 8*o - 2. Determine t(-7).
-9
Let f(y) = 6*y - 242. Calculate f(41).
4
Let u(a) = -a - 5. What is u(-9)?
4
Let z(d) = -7*d + 89. What is z(11)?
12
Let t(n) = 7*n - 18. Give t(-3).
-39
Let b(j) = -3*j + 8. Give b(1).
5
Let i(w) = -36*w**3 - 1. Determine i(-1).
35
Let q(h) = -h**3 + 5*h**2 + h - 7. Determine q(6).
-37
Let p(m) = m**2 - 97*m - 299. Give p(100).
1
Let l(q) = q**3 + 20*q**2 + 19*q + 8. Give l(-19).
8
Let w(n) = n**3 + 6*n**2 - 4. Calculate w(-3).
23
Let p(m) = -m**2 - 17*m - 44. Give p(-13).
8
Let q(h) = 57*h**3 + h**2 + 2*h + 1. Give q(-1).
-57
Let b(l) = l**3 - 13*l**2 + 44*l + 11. Give b(7).
25
Let d(x) = -33*x + 33. Determine d(1).
0
Let u(o) = 2*o**2 + 12*o + 7. Calculate u(-8).
39
Let z(o) = 4*o**3 + o**2 + 5*o + 4. Determine z(-1).
-